{"id":26,"date":"2017-11-23T19:59:43","date_gmt":"2017-11-23T18:59:43","guid":{"rendered":"http:\/\/osteopathe.verny.org\/?page_id=26"},"modified":"2017-11-28T19:09:06","modified_gmt":"2017-11-28T18:09:06","slug":"quest-ce-que-losteopathie","status":"publish","type":"page","link":"https:\/\/osteopathe.verny.org\/index.php\/cabinet\/quest-ce-que-losteopathie\/","title":{"rendered":"Qu&rsquo;est-ce que l&rsquo;ost\u00e9opathie ?"},"content":{"rendered":"<hr \/>\n<p align=\"\"><b>L&rsquo;Ost\u00e9opathie est une th\u00e9rapie exclusivement manuelle<\/b>. Son objectif est de d\u00e9terminer et traiter toute restriction de mobilit\u00e9 des diff\u00e9rentes structures composant le corps humain (os, muscles, organes, etc\u2026) Ces pertes de mobilit\u00e9 (articulations, muscles, ligaments ou visc\u00e8res) peuvent \u00eatre \u00e0 l&rsquo;origine d&rsquo;un d\u00e9s\u00e9quilibre de l&rsquo;\u00e9tat de sant\u00e9.<\/p>\n<p align=\"\">Cette approche holistique des soins et de la gu\u00e9rison des patients se fonde sur les trois principes suivants :<\/p>\n<ul>\n<li><b>L\u2019unit\u00e9 du corps\u00a0:<\/b> Les diff\u00e9rents syst\u00e8mes du corps travaillent ensemble les uns avec les autres, car le corps humain est form\u00e9 d&rsquo;un continuum anatomique.<\/li>\n<li><b>La structure gouverne la fonction<\/b> et vice-versa<\/li>\n<li><b>L&rsquo;hom\u00e9ostasie : <\/b>C&rsquo;est la capacit\u00e9 de tout organisme vivant \u00e0 s&rsquo;autor\u00e9guler, s&rsquo;adapter et s&rsquo;auto gu\u00e9rir.<\/li>\n<\/ul>\n<p align=\"justify\"><b>L\u2019ost\u00e9opathe vise \u00e0 traiter la (les) cause(s)<\/b>\u00a0pour faire dispara\u00eetre les sympt\u00f4mes. Son objectif est donc de r\u00e9tablir l&rsquo;harmonie m\u00e9canique du corps, dans une vision de globalit\u00e9. Il s&rsquo;appuie sur ces connaissances en anatomie, physiologie et biom\u00e9canique humaines.<\/p>\n<p align=\"justify\"><b>L\u2019Ost\u00e9opathe adapte ses techniques en fonction du patient<\/b>, de son \u00e2ge, et dans le respect d&rsquo;\u00e9ventuelles contre-indications m\u00e9dicales.<\/p>\n<p>L\u2019ost\u00e9opathe peut utiliser diff\u00e9rents types de techniques\u00a0:<\/p>\n<ul>\n<li>Les techniques structurelles ou de cracking<\/li>\n<li>Les techniques visc\u00e9rales<\/li>\n<li>Les techniques fonctionnelles<\/li>\n<li>Les techniques cr\u00e2niennes<\/li>\n<li>Les techniques de TGO<\/li>\n<\/ul>\n<p><b>La pr\u00e9vention, un gage de sant\u00e9\u2026<\/b><\/p>\n<p align=\"justify\">Des traumatismes, physiques ou \u00e9motionnels, anciens ou pass\u00e9s inaper\u00e7us sont susceptibles de provoquer des s\u00e9quelles douloureuses m\u00eame plusieurs ann\u00e9es apr\u00e8s. L\u2019ost\u00e9opathe fait prendre conscience \u00e0 chacun qu\u2019il est responsable de son capital sant\u00e9 qu\u2019il peut pr\u00e9server par un suivi ost\u00e9opathique r\u00e9gulier. Il est conseill\u00e9 de faire 2 \u00e0 3 s\u00e9ances par an.<\/p>\n","protected":false},"excerpt":{"rendered":"<p>L&rsquo;Ost\u00e9opathie est une th\u00e9rapie exclusivement manuelle. Son objectif est de d\u00e9terminer et traiter toute restriction de mobilit\u00e9 des diff\u00e9rentes structures composant le corps humain (os, muscles, organes, etc\u2026) Ces pertes de mobilit\u00e9 (articulations, muscles, ligaments ou visc\u00e8res) peuvent \u00eatre \u00e0 l&rsquo;origine d&rsquo;un d\u00e9s\u00e9quilibre de l&rsquo;\u00e9tat de sant\u00e9. Cette approche holistique des soins et de la [&hellip;]<\/p>\n","protected":false},"author":1,"featured_media":0,"parent":9,"menu_order":0,"comment_status":"closed","ping_status":"closed","template":"","meta":[],"_links":{"self":[{"href":"https:\/\/osteopathe.verny.org\/index.php\/wp-json\/wp\/v2\/pages\/26"}],"collection":[{"href":"https:\/\/osteopathe.verny.org\/index.php\/wp-json\/wp\/v2\/pages"}],"about":[{"href":"https:\/\/osteopathe.verny.org\/index.php\/wp-json\/wp\/v2\/types\/page"}],"author":[{"embeddable":true,"href":"https:\/\/osteopathe.verny.org\/index.php\/wp-json\/wp\/v2\/users\/1"}],"replies":[{"embeddable":true,"href":"https:\/\/osteopathe.verny.org\/index.php\/wp-json\/wp\/v2\/comments?post=26"}],"version-history":[{"count":3,"href":"https:\/\/osteopathe.verny.org\/index.php\/wp-json\/wp\/v2\/pages\/26\/revisions"}],"predecessor-version":[{"id":117,"href":"https:\/\/osteopathe.verny.org\/index.php\/wp-json\/wp\/v2\/pages\/26\/revisions\/117"}],"up":[{"embeddable":true,"href":"https:\/\/osteopathe.verny.org\/index.php\/wp-json\/wp\/v2\/pages\/9"}],"wp:attachment":[{"href":"https:\/\/osteopathe.verny.org\/index.php\/wp-json\/wp\/v2\/media?parent=26"}],"curies":[{"name":"wp","href":"https:\/\/api.w.org\/{rel}","templated":true}]}}